git of 289445?
9
What is the millions digit of 4690426?
4
What is the ten thousands digit of 240012?
4
What is the tens digit of 6073173?
7
What is the tens digit of 671049?
4
What is the tens digit of 637937?
3
What is the hundreds digit of 8019?
0
What is the hundreds digit of 958011?
0
What is the hundreds digit of 4633771?
7
What is the units digit of 9452364?
4
What is the thousands digit of 14417369?
7
What is the thousands digit of 1758921?
8
What is the ten thousands digit of 24768?
2
What is the hundred thousands digit of 1293088?
2
What is the hundreds digit of 762239?
2
What is the hundred thousands digit of 3016074?
0
What is the units digit of 13199385?
5
What is the hundred thousands digit of 828047?
8
What is the hundreds digit of 105834?
8
What is the thousands digit of 1437695?
7
What is the units digit of 1601824?
4
What is the thousands digit of 1768972?
8
What is the hundreds digit of 6049607?
6
What is the units digit of 13257?
7
What is the millions digit of 2548222?
2
What is the hundred thousands digit of 479301?
4
What is the hundreds digit of 4075?
0
What is the units digit of 1673099?
9
What is the units digit of 961627?
7
What is the tens digit of 87505?
0
What is the millions digit of 2509575?
2
What is the ten thousands digit of 9077790?
7
What is the millions digit of 9528838?
9
What is the ten thousands digit of 475545?
7
What is the hundreds digit of 4006717?
7
What is the hundred thousands digit of 595329?
5
What is the thousands digit of 21447?
1
What is the hundreds digit of 286539?
5
What is the ten thousands digit of 21334606?
3
What is the thousands digit of 321302?
1
What is the hundreds digit of 11323922?
9
What is the ten thousands digit of 10190962?
9
What is the hundred thousands digit of 389494?
3
What is the ten thousands digit of 322177?
2
What is the hundreds digit of 3902196?
1
What is the thousands digit of 83911?
3
What is the tens digit of 118877?
7
What is the hundred thousands digit of 8092636?
0
What is the hundred thousands digit of 598753?
5
What is the hundreds digit of 6030743?
7
What is the hundreds digit of 642629?
6
What is the ten thousands digit of 20260?
2
What is the ten thousands digit of 2771994?
7
What is the units digit of 367239?
9
What is the units digit of 192967?
7
What is the hundred thousands digit of 404371?
4
What is the ten thousands digit of 6794665?
9
What is the ten millions digit of 41145110?
4
What is the thousands digit of 17313854?
3
What is the units digit of 211297?
7
What is the hundreds digit of 124328?
3
What is the units digit of 8108208?
8
What is the millions digit of 2994260?
2
What is the tens digit of 1515914?
1
What is the thousands digit of 7158835?
8
What is the thousands digit of 253021?
3
What is the hundred thousands digit of 508074?
5
What is the tens digit of 1398?
9
What is the hundreds digit of 2231998?
9
What is the hundred thousands digit of 1664776?
6
What is the ten thousands digit of 11895818?
9
What is the thousands digit of 6316526?
6
What is the thousands digit of 62338?
2
What is the ten thousands digit of 204599?
0
What is the thousands digit of 74877?
4
What is the thousands digit of 767271?
7
What is the ten millions digit of 20236467?
2
What is the units digit of 27824933?
3
What is the hundred thousands digit of 4518426?
5
What is the hundreds digit of 760813?
8
What is the ten thousands digit of 379625?
7
What is the units digit of 728222?
2
What is the tens digit of 5815865?
6
What is the hundred thousands digit of 2587550?
5
What is the tens digit of 1089574?
7
What is the units digit of 8402924?
4
What is the thousands digit of 1441373?
1
What is the hundreds digit of 19354919?
9
What is the hundred thousands digit of 1773289?
7
What is the thousands digit of 1500470?
0
What is the millions digit of 6861658?
6
What is the hundred thousands digit of 956513?
9
What is the units digit of 30488?
8
What is the millions digit of 6070669?
6
What is the units digit of 1793739?
9
What is the hundreds digit of 23563370?
3
What is the units digit of 1644142?
2
What is the hundreds digit of 4670471?
4
What is the hundred thousands digit of 8609151?
6
What is the thousands digit of 217544?
7
What is the thousands digit of 655304?
5
What is the thousands digit of 203473?
3
What is the hundreds digit of 1074220?
2
What is the ten thousands digit of 421545?
2
What is the thousands digit of 10256565?
6
What is the hundred thousands digit of 5167611?
1
What is the tens digit of 90649?
4
What is the units digit of 21246775?
5
What is the hundred thousands digit of 2992001?
9
What is the thousands digit of 5878749?
8
What is the thousands digit of 205648?
5
What is the hundred thousands digit of 486813?
4
What is the thousands digit of 749230?
9
What is the units digit of 769394?
4
What is the tens digit of 155991?
9
What is the ten millions digit of 14579234?
1
What is the hundreds digit of 6200261?
2
What is the hundred thousands digit of 375120?
3
What is the ten millions digit of 12533889?
1
What is the thousands digit of 11337379?
7
What is the millions digit of 2699596?
2
What is the units digit of 281165?
5
What is the units digit of 4964716?
6
What is the thousands digit of 267317?
7
What is the ten thousands digit of 32319285?
1
What is the tens digit of 10793963?
6
What is the hundred thousands digit of 2499728?
4
What is the thousands digit of 363383?
3
What is the ten thousands digit of 62352?
6
What is the hundreds digit of 2149054?
0
What is the hundreds digit of 5280680?
6
What is the tens digit of 2304798?
9
What is the tens digit of 19312933?
3
What is the millions digit of 5229554?
5
What is the hundreds digit of 4476856?
8
What is the hundred thousands digit of 29963341?
9
What is the ten thousands digit of 36156713?
5
What is the hundreds digit of 575852?
8
What is the ten thousands digit of 442016?
4
What is the hundreds digit of 158008?
0
What is the hundred thousands digit of 139956?
1
What is the units digit of 4595501?
1
What is the tens digit of 3351615?
1
What is the tens digit of 3083181?
8
What is the millions digit of 4208470?
4
What is the hundred thousands digit of 383741?
3
What is the ten thousands digit of 9507906?
0
What is the units digit of 75270?
0
What is the units digit of 339933?
3
What is the thousands digit of 1002648?
2
What is the millions digit of 2376268?
2
What is the hundred thousands digit of 34414782?
4
What is the units digit of 238898?
8
What is the ten thousands digit of 751466?
5
What is the ten thousands digit of 25581494?
8
What is the ten thousands digit of 4740884?
4
What is the units digit of 547791?
1
What is the thousands digit of 1437702?
7
What is the millions digit of 1693996?
1
What is the units digit of 85940?
0
What is the thousands digit of 761328?
1
What is the tens digit of 74441?
4
What is the tens digit of 257673?
7
What is the hundred thousands digit of 5024373?
0
What is the ten millions digit of 24425430?
2
What is the hundreds digit of 1871937?
9
What is the hundred thousands digit of 1935647?
9
What is the ten thousands digit of 8788887?
8
What is the tens digit of 1331415?
1
What is the hundreds digit of 51875?
8
What is the hundred thousands digit of 954188?
9
What is the ten thousands digit of 1576051?
7
What is the thousands digit of 57370?
7
What is the ten thousands digit of 13654555?
5
What is the hundred thousands digit of 1102799?
1
What is the thousands digit of 327433?
7
What is the thousands digit of 94511?
4
What is the thousands digit of 12362095?
2
What is the tens digit of 105225?
2
What is the ten thousands digit of 58574?
5
What is the tens digit of 1467868?
6
What is the hundreds digit of 3610097?
0
What is the tens digit of 5272465?
6
What is the thousands digit of 3568790?
8
What is the ten millions digit of 11295476?
1
What is the units digit of 804171?
1
What is the hundreds digit of 214491?
4
What is the units digit of 1780207?
7
What is the ten thousands digit of 205038?
0
What is the ten millions digit of 22541063?
2
What is the hundreds digit of 1346372?
3
What is the hundreds digit of 2699555?
5
What is the units digit of 1038443?
3
What is the tens digit of 151150?
5
What is the hundred thousands digit of 5517931?
5
What is the h